nder when 205 is divided by m(-29).
10
Suppose 4*d - v + 5*v = -208, -110 = 2*d + 4*v. Let i be -22 + 2*(-2)/(-4). Let t = i - d. What is the remainder when t is divided by 6?
4
Suppose -4*j = p + 22 - 100, 0 = j + p - 18. Calculate the remainder when j is divided by (8 + 31)*(8/(-6))/(-4).
7
Let n = 41 - 36. Suppose 2*r + 4*d + 56 = 4*r, n*d = -4*r + 73. Calculate the remainder when 42 is divided by r.
20
Let j be 17/(-4) - 12/16. What is the remainder when 23 is divided by (j/4)/((-1)/4)?
3
Let j = 44 + -41. Suppose -3*f = 2*k - 17, -f = -4*f + j*k + 12. What is the remainder when 19 is divided by f?
4
Suppose 41*n = 48*n - 364. Calculate the remainder when n is divided by 16.
4
Let o(m) = 6*m + 333. What is the remainder when o(-50) is divided by 3?
0
Suppose 7*r + 35 = 12*r. Suppose -6*d + 5 = -r. Suppose 8 = d*b - 12. What is the remainder when 19 is divided by b?
9
Suppose 46 = 3*o + 4*x, 5*o - 5*x + 13 = 78. Calculate the remainder when 23 is divided by o.
9
Suppose 0 = 4*z - 11 - 9. Suppose -z*q + 18 = -37. Calculate the remainder when q is divided by 3.
2
Let s(l) = -l**2 + 2*l**2 + 1 + 7 + 5*l + 2*l. Let o be s(-6). What is the remainder when 15 is divided by (o - 7/3)*-27?
6
Suppose -4*s = -144 - 60. What is the remainder when s is divided by 2/(-9) - (-245)/9?
24
Let l = 233 - 194. Suppose -8*s + l = -161. Suppose w + 11 = 85. What is the remainder when w is divided by s?
24
Let x(c) = -c**3 + 12*c**2 + 3*c - 17. What is the remainder when 82 is divided by x(12)?
6
Suppose -596 - 4396 = -12*x. What is the remainder when x is divided by 70?
66
Suppose 5*g = -4*c + 69, -277*g + 4*c = -273*g - 48. Suppose -k - 47 = -2*k. Calculate the remainder when k is divided by g.
8
Suppose -4*w + 5*x + 52 = 2*x, -5*w - 2*x = -42. What is the remainder when (-104)/13 + 6 + 50 is divided by w?
8
Let a(f) = -f**3 - 4*f**2 + 3. Let m = 24 + -25. Let h(u) = -2*u + 2. What is the remainder when h(m) is divided by a(-4)?
1
Calculate the remainder when 98 is divided by (75 - 73) + (0 - 1)*-9.
10
Let f(t) = t**2 + 4*t - 1. Suppose 2*m + 6 = -4. Let q be f(m). Suppose 0 = -3*g + u + 16, 2*g + u = -q*u + 22. What is the remainder when 9 is divided by g?
3
Suppose 4*l = 7*l - 24. Suppose 20 + 146 = 4*f + 2*h, f - 2*h - 29 = 0. What is the remainder when f is divided by l?
7
Let w = 24 + -12. Suppose -44 = -r - w. Calculate the remainder when r is divided by (96/(-45))/(-16) + (-326)/(-30).
10
Suppose -3*g - 2*g = -5, y + 2*g + 1 = 0. Let c(u) = 2*u - 7. Calculate the remainder when (-7)/(7/y) + 3 is divided by c(5).
0
Let g(w) = w**2 + w + 1. Let k = -12 - -35. Calculate the remainder when g(9) is divided by k.
22
Let h(n) = 4*n + 1. Let o be h(1). Suppose -6*u + 7*u + 4*v + 10 = 0, 2*u + 5 = -3*v. Suppose 113 = o*i - u. Calculate the remainder when i is divided by 6.
5
Suppose 2 = f, 5*f + 87 = -5*n - 8. Suppose 0 = -3*u + 20 + 10. Calculate the remainder when 3/((n/18)/(-7)) is divided by u.
8
Suppose r - 3*s = 7 + 8, 3*r = -s - 5. Suppose -4*u + 4*c = -16, -4*u + 0*c + 5*c + 12 = r. What is the remainder when 31 is divided by u?
7
Suppose 8*i - 1546 = -346. What is the remainder when i is divided by 7?
3
Suppose -850*m = -855*m + 215. Let y(h) = -h + 22. What is the remainder when m is divided by y(0)?
21
Let u = 27 - 26. Suppose 0 = 4*g - 3*f - 2, -2*f = -5*g + 8 - 2. Calculate the remainder when u/(134/(-68) + g) is divided by 12.
10
Let w = 154 - 72. What is the remainder when w is divided by 54/72 + (-65)/(-4)?
14
Let y = -63 - -89. What is the remainder when y is divided by -22*(-5 - -1)/8*1?
4
Suppose -f + 1 + 44 = 5*v, 0 = -3*f + 15. Calculate the remainder when 2 + 6 + (-40)/(-2) is divided by v.
4
Let k be (18/(-15))/(8/(-20)). Suppose -f + 26 = -5*u, -2*u + 29 = 4*f + k*u. Calculate the remainder when 28 is divided by f.
6
Suppose -150 = -3*b + 3*x, 4*b + 0*x = 3*x + 197. Calculate the remainder when b is divided by (-2 - (-49 + -3))/2.
22
Let w = 22 - 7. Suppose w = -3*u, -2*u - 165 = -5*x + u. Suppose -x - 10 = -2*h. Calculate the remainder when 58 is divided by h.
18
Calculate the remainder when 244 is divided by (1/3)/((-848)/(-168) + -5).
6
Let z(l) = -l**3 + 10*l**2 - 16*l + 19. What is the remainder when z(6) is divided by 15?
7
Let b(r) = 16*r**3 + 131*r**2 - 4*r - 26. What is the remainder when b(-8) is divided by (-150)/(-4)*8/6?
48
Suppose 723 = 3*k + 207. Let f = k + -76. What is the remainder when f is divided by 7?
5
Suppose -15 + 231 = 12*j. What is the remainder when 282/4 + 1/(-2) is divided by j?
16
Let h(t) = 21*t**2 + 6. Suppose -4*a - 3 = -0*p - 3*p, 14 = -2*a + 4*p. Let b be h(a). Let r = -109 + b. What is the remainder when r is divided by 22?
20
Suppose 72*m = 33160 - 6520. What is the remainder when m is divided by 22?
18
Suppose -w + 5 = 0, 0 = -4*t + 5*w + 101 - 2. Calculate the remainder when t is divided by 5.
1
Suppose -2*j + 33 = -5*c, 7*j = c + 4*j + 17. Let d be -2 + 1 + c + 7. Suppose -d = 5*a + 4*w, 4*w + 0*w = -16. What is the remainder when 11 is divided by a?
2
Let y(t) = t + 11. Let h be y(-9). Suppose h*c - 5*j - 64 = 0, -2*j + 7*j - 230 = -5*c. What is the remainder when 125 is divided by c?
41
Let g = -220 - -237. Calculate the remainder when 40 is divided by g.
6
Suppose -4*h - p + 0*p + 100 = 0, -2*p = 0. Calculate the remainder when 274 is divided by h.
24
Suppose 5*i - 23 = 7. What is the remainder when 34 is divided by (2 + 33/(-9))/(i/(-36))?
4
Let w(u) = u**2 - 3*u + 2. Let f be w(3). Suppose -l = -5*c - 43, 0 = f*l + 4*c + c - 56. Calculate the remainder when l is divided by 12.
9
Let d(j) = j**3 - 43*j**2 + j + 4. Suppose -4 + 14 = q. What is the remainder when d(43) is divided by q?
7
Suppose 4*k = -x + 87, -4*x - 72*k + 405 = -75*k. What is the remainder when x is divided by 5?
4
Let v(s) = 2*s - 26. Let q be v(12). Let o(y) = -14*y**3 - 2*y**2 + 4*y + 4. What is the remainder when o(q) is divided by 26?
22
Let k be (0 - -1)/((-7)/(-35)). Let d(t) = t + 6. Let s be d(2). Let o = s - k. What is the remainder when 10 is divided by o?
1
Let g(n) = 20*n**2 + 9*n + 3. What is the remainder when 218 is divided by g(-2)?
23
Let o(d) = -82*d - 190. Calculate the remainder when o(-6) is divided by 38.
36
What is the remainder when (-1)/((-202)/(-306) + 4/(-6)) is divided by 151?
2
Let s(o) = o**3 + 9*o**2 + 13*o + 5. Let h = 12 + -36. Let b = h - -43. Calculate the remainder when b is divided by s(-7).
7
Let y = -2057 + 2067. Suppose 10 = l - 26. Calculate the remainder when l is divided by y.
6
Suppose 327*g - 220 = 322*g. What is the remainder when g is divided by 16?
12
Let v(u) = -6*u + 72. What is the remainder when 68 is divided by v(8)?
20
Suppose 2558 - 8 = 25*s. Calculate the remainder when s is divided by 21.
18
What is the remainder when 477 is divided by 10*-1 + 90 + 18?
85
Let g(u) = -u**2 + 2*u + 38. Let v be g(7). What is the remainder when 0 + ((-20)/(4/(-4)) - v) is divided by 10?
7
Let n be (2 + 0)*-1 + 35. Suppose -5*q + n = -2*q. Suppose 0 = l + 3 - q. What is the remainder when 13 is divided by l?
5
Let i(v) = v**2 + 7*v + 17. Let u = 4 - 2. Suppose -k - k + u*q = -12, 3*k + 5*q - 10 = 0. Calculate the remainder when i(-7) is divided by k.
2
Let r(h) = -5*h - 66. What is the remainder when 220 is divided by r(-17)?
11
Suppose 0 = 4*x + 12 - 28. Suppose -x*y + 15 = -33. What is the remainder when 56 is divided by y?
8
Suppose -3*k - 15 = -3*f, 0 = -2*f - 5*k - 5 + 15. Calculate the remainder when 61 is divided by f.
1
Let s(x) = 125*x - 108. What is the remainder when s(3) is divided by 27?
24
Let p(u) = -u**3 + u**2 + 1. Let s(n) = -4*n**2 - 2*n. Let k(j) = -3*p(j) - s(j). Let b be (-2)/6*(-6)/1. What is the remainder when k(b) is divided by 16?
13
Calculate the remainder when 246 is divided by 1*(-5 + 9) + (-58)/(-1).
60
Let i(s) = 7*s**2 - 3*s - 2. Let f be i(-1). Suppose -f*u - 221 = -709. Calculate the remainder when u is divided by 21.
19
Suppose i + 7 = 4*n - 2*n, 0 = 4*i - 5*n + 13. Suppose 0 = -i*x + j + 45, 0 = -3*x - 2*x - 3*j + 75. What is the remainder when x is divided by 6?
3
Suppose 0 = p - 1 - 3. Suppose p*d - 16 - 44 = 0. What is the remainder when d is divided by 6?
3
Let p(n) = -9*n - 1. Let f be p(-2). Suppose -3*g - g - 109 = -5*h, -4*g + f = h. Calculate 